{"id":826,"date":"2015-12-01T14:13:50","date_gmt":"2015-12-01T14:13:50","guid":{"rendered":"http:\/\/164.73.217.58\/?page_id=826"},"modified":"2017-02-22T16:24:52","modified_gmt":"2017-02-22T16:24:52","slug":"contacto","status":"publish","type":"page","link":"https:\/\/aguasurbanas.ei.udelar.edu.uy\/index.php\/contacto\/","title":{"rendered":"Contacto"},"content":{"rendered":"<p>El n\u00facleo <em><strong>Aguas Urbanas, proyecto y gesti\u00f3n<\/strong><\/em> del Espacio Interdisciplinario de Udelar, integrado por profesionales de diversas \u00e1reas, se encuentra en<br \/>\nproceso de desarrollo de su pagina web, cuyo objetivo principal es generar un espacio de amplificaci\u00f3n de las experiencias acad\u00e9micas, propiciando<br \/>\nel intercambio y poniendo a disposici\u00f3n del p\u00fablico en general informaci\u00f3n pertinente.<\/p>\n<p>En este marco se invita a quienes deseen compartir art\u00edculos, proyectos, experiencias y registros relacionados con la tem\u00e1tica del n\u00facleo, a enviar el<br \/>\nmaterial para poder difundirlo desde la\u00a0plataforma web, siguiendo las pautas indicadas en la plantilla adjunta.*<\/p>\n<p><strong><span style=\"color: #008080;\"><a style=\"color: #008080;\" href=\"https:\/\/drive.google.com\/file\/d\/0B3CejxPPLKvrQ3FNUU5mbnRPYTA\/view?usp=sharing\" target=\"_blank\">plantilla de contenidos web aguas urbanas:<\/a><\/span><\/strong><\/p>\n<p>Asimismo, ponemos\u00a0a disposici\u00f3n nuestro contacto para evacuar dudas, recibir sugerencias y escuchar comentarios.<\/p>\n\n<div class=\"wpcf7 no-js\" id=\"wpcf7-f825-o1\" lang=\"es-ES\" dir=\"ltr\" data-wpcf7-id=\"825\">\n<div class=\"screen-reader-response\"><p role=\"status\" aria-live=\"polite\" aria-atomic=\"true\"><\/p> <ul><\/ul><\/div>\n<form action=\"\/index.php\/wp-json\/wp\/v2\/pages\/826#wpcf7-f825-o1\" method=\"post\" class=\"wpcf7-form init\" aria-label=\"Formulario de contacto\" novalidate=\"novalidate\" data-status=\"init\">\n<div style=\"display: none;\">\n<input type=\"hidden\" name=\"_wpcf7\" value=\"825\" \/>\n<input type=\"hidden\" name=\"_wpcf7_version\" value=\"6.0.6\" \/>\n<input type=\"hidden\" name=\"_wpcf7_locale\" value=\"es_ES\" \/>\n<input type=\"hidden\" name=\"_wpcf7_unit_tag\" value=\"wpcf7-f825-o1\" \/>\n<input type=\"hidden\" name=\"_wpcf7_container_post\" value=\"0\" \/>\n<input type=\"hidden\" name=\"_wpcf7_posted_data_hash\" value=\"\" \/>\n<\/div>\n<p>Nombre (requerido)\n<\/p>\n<p><span class=\"wpcf7-form-control-wrap\" data-name=\"your-name\"><input size=\"40\" maxlength=\"400\" class=\"wpcf7-form-control wpcf7-text wpcf7-validates-as-required\" aria-required=\"true\" aria-invalid=\"false\" value=\"\" type=\"text\" name=\"your-name\" \/><\/span>\n<\/p>\n<p>Correo electr\u00f3nico (requerido)\n<\/p>\n<p><span class=\"wpcf7-form-control-wrap\" data-name=\"your-email\"><input size=\"40\" maxlength=\"400\" class=\"wpcf7-form-control wpcf7-email wpcf7-validates-as-required wpcf7-text wpcf7-validates-as-email\" aria-required=\"true\" aria-invalid=\"false\" value=\"\" type=\"email\" name=\"your-email\" \/><\/span>\n<\/p>\n<p>Asunto\n<\/p>\n<p><span class=\"wpcf7-form-control-wrap\" data-name=\"your-subject\"><input size=\"40\" maxlength=\"400\" class=\"wpcf7-form-control wpcf7-text\" aria-invalid=\"false\" value=\"\" type=\"text\" name=\"your-subject\" \/><\/span>\n<\/p>\n<p>Mensaje\n<\/p>\n<p><span class=\"wpcf7-form-control-wrap\" data-name=\"your-message\"><textarea cols=\"40\" rows=\"10\" maxlength=\"2000\" class=\"wpcf7-form-control wpcf7-textarea\" aria-invalid=\"false\" name=\"your-message\"><\/textarea><\/span>\n<\/p>\n<p><input class=\"wpcf7-form-control wpcf7-submit has-spinner\" type=\"submit\" value=\"Enviar\" \/>\n<\/p><input type='hidden' class='wpcf7-pum' value='{\"closepopup\":false,\"closedelay\":0,\"openpopup\":false,\"openpopup_id\":0}' \/><div class=\"wpcf7-response-output\" aria-hidden=\"true\"><\/div>\n<\/form>\n<\/div>\n\n<p>*Todos los art\u00edculos enviados pasar\u00e1n previamente por un comit\u00e9 evaluador que definir\u00e1 si se acepta su publicaci\u00f3n, si se requieren modificaciones o<br \/>\nsi no cumple con los requisitos necesarios de publicaci\u00f3n.<\/p>\n","protected":false},"excerpt":{"rendered":"<p>El n\u00facleo Aguas Urbanas, proyecto y gesti\u00f3n del Espacio Interdisciplinario de Udelar, integrado por profesionales de diversas \u00e1reas, se encuentra en proceso de desarrollo de su pagina web, cuyo objetivo principal es generar un espacio de amplificaci\u00f3n de las experiencias acad\u00e9micas, propiciando el intercambio y poniendo a disposici\u00f3n del p\u00fablico en general informaci\u00f3n pertinente. En [&hellip;]<\/p>\n","protected":false},"author":1,"featured_media":0,"parent":0,"menu_order":0,"comment_status":"closed","ping_status":"closed","template":"","meta":{"_exactmetrics_skip_tracking":false,"_exactmetrics_sitenote_active":false,"_exactmetrics_sitenote_note":"","_exactmetrics_sitenote_category":0,"footnotes":""},"class_list":["post-826","page","type-page","status-publish","czr-hentry"],"_links":{"self":[{"href":"https:\/\/aguasurbanas.ei.udelar.edu.uy\/index.php\/wp-json\/wp\/v2\/pages\/826","targetHints":{"allow":["GET"]}}],"collection":[{"href":"https:\/\/aguasurbanas.ei.udelar.edu.uy\/index.php\/wp-json\/wp\/v2\/pages"}],"about":[{"href":"https:\/\/aguasurbanas.ei.udelar.edu.uy\/index.php\/wp-json\/wp\/v2\/types\/page"}],"author":[{"embeddable":true,"href":"https:\/\/aguasurbanas.ei.udelar.edu.uy\/index.php\/wp-json\/wp\/v2\/users\/1"}],"replies":[{"embeddable":true,"href":"https:\/\/aguasurbanas.ei.udelar.edu.uy\/index.php\/wp-json\/wp\/v2\/comments?post=826"}],"version-history":[{"count":30,"href":"https:\/\/aguasurbanas.ei.udelar.edu.uy\/index.php\/wp-json\/wp\/v2\/pages\/826\/revisions"}],"predecessor-version":[{"id":3583,"href":"https:\/\/aguasurbanas.ei.udelar.edu.uy\/index.php\/wp-json\/wp\/v2\/pages\/826\/revisions\/3583"}],"wp:attachment":[{"href":"https:\/\/aguasurbanas.ei.udelar.edu.uy\/index.php\/wp-json\/wp\/v2\/media?parent=826"}],"curies":[{"name":"wp","href":"https:\/\/api.w.org\/{rel}","templated":true}]}}

<p>El núcleo <em><strong>Aguas Urbanas, proyecto y gestión</strong></em> del Espacio Interdisciplinario de Udelar, integrado por profesionales de diversas áreas, se encuentra en<br />
proceso de desarrollo de su pagina web, cuyo objetivo principal es generar un espacio de amplificación de las experiencias académicas, propiciando<br />
el intercambio y poniendo a disposición del público en general información pertinente.</p>
<p>En este marco se invita a quienes deseen compartir artículos, proyectos, experiencias y registros relacionados con la temática del núcleo, a enviar el<br />
material para poder difundirlo desde la plataforma web, siguiendo las pautas indicadas en la plantilla adjunta.*</p>
<p><strong><span style="color: #008080;"><a style="color: #008080;" href="https://drive.google.com/file/d/0B3CejxPPLKvrQ3FNUU5mbnRPYTA/view?usp=sharing" target="_blank">plantilla de contenidos web aguas urbanas:</a></span></strong></p>
<p>Asimismo, ponemos a disposición nuestro contacto para evacuar dudas, recibir sugerencias y escuchar comentarios.</p>

<div class="wpcf7 no-js" id="wpcf7-f825-o1" lang="es-ES" dir="ltr" data-wpcf7-id="825">
<div class="screen-reader-response"><p role="status" aria-live="polite" aria-atomic="true"></p> <ul></ul></div>
<form action="/index.php/wp-json/wp/v2/pages/826#wpcf7-f825-o1" method="post" class="wpcf7-form init" aria-label="Formulario de contacto" novalidate="novalidate" data-status="init">
<div style="display: none;">
<input type="hidden" name="_wpcf7" value="825" />
<input type="hidden" name="_wpcf7_version" value="6.0.6" />
<input type="hidden" name="_wpcf7_locale" value="es_ES" />
<input type="hidden" name="_wpcf7_unit_tag" value="wpcf7-f825-o1" />
<input type="hidden" name="_wpcf7_container_post" value="0" />
<input type="hidden" name="_wpcf7_posted_data_hash" value="" />
</div>
<p>Nombre (requerido)
</p>
<p><span class="wpcf7-form-control-wrap" data-name="your-name"><input size="40" maxlength="400" class="wpcf7-form-control wpcf7-text wpcf7-validates-as-required" aria-required="true" aria-invalid="false" value="" type="text" name="your-name" /></span>
</p>
<p>Correo electrónico (requerido)
</p>
<p><span class="wpcf7-form-control-wrap" data-name="your-email"><input size="40" maxlength="400" class="wpcf7-form-control wpcf7-email wpcf7-validates-as-required wpcf7-text wpcf7-validates-as-email" aria-required="true" aria-invalid="false" value="" type="email" name="your-email" /></span>
</p>
<p>Asunto
</p>
<p><span class="wpcf7-form-control-wrap" data-name="your-subject"><input size="40" maxlength="400" class="wpcf7-form-control wpcf7-text" aria-invalid="false" value="" type="text" name="your-subject" /></span>
</p>
<p>Mensaje
</p>
<p><span class="wpcf7-form-control-wrap" data-name="your-message"><textarea cols="40" rows="10" maxlength="2000" class="wpcf7-form-control wpcf7-textarea" aria-invalid="false" name="your-message"></textarea></span>
</p>
<p><input class="wpcf7-form-control wpcf7-submit has-spinner" type="submit" value="Enviar" />
</p><input type='hidden' class='wpcf7-pum' value='{"closepopup":false,"closedelay":0,"openpopup":false,"openpopup_id":0}' /><div class="wpcf7-response-output" aria-hidden="true"></div>
</form>
</div>

<p>*Todos los artículos enviados pasarán previamente por un comité evaluador que definirá si se acepta su publicación, si se requieren modificaciones o<br />
si no cumple con los requisitos necesarios de publicación.</p>

<p>El núcleo Aguas Urbanas, proyecto y gestión del Espacio Interdisciplinario de Udelar, integrado por profesionales de diversas áreas, se encuentra en proceso de desarrollo de su pagina web, cuyo objetivo principal es generar un espacio de amplificación de las experiencias académicas, propiciando el intercambio y poniendo a disposición del público en general información pertinente. En [&hellip;]</p>
