{"id":2995,"date":"2016-10-20T15:29:51","date_gmt":"2016-10-20T15:29:51","guid":{"rendered":"http:\/\/www.aguasurbanas.ei.udelar.edu.uy\/?page_id=2995"},"modified":"2019-10-25T11:00:10","modified_gmt":"2019-10-25T14:00:10","slug":"proyecto-de-evaluacion-de-canadas-urbanas","status":"publish","type":"page","link":"https:\/\/aguasurbanas.ei.udelar.edu.uy\/index.php\/proyecto-de-evaluacion-de-canadas-urbanas\/","title":{"rendered":"Ca\u00f1adas Urbanas"},"content":{"rendered":"<p><a href=\"http:\/\/www.aguasurbanas.ei.udelar.edu.uy\/wp-content\/uploads\/2016\/09\/ca\u00f1adas-urbanasportada.jpg\"><img loading=\"lazy\" decoding=\"async\" class=\"size-large wp-image-2887 aligncenter\" src=\"http:\/\/www.aguasurbanas.ei.udelar.edu.uy\/wp-content\/uploads\/2016\/09\/ca\u00f1adas-urbanasportada-1024x365.jpg\" alt=\"canadas-urbanasportada\" width=\"1024\" height=\"365\" srcset=\"https:\/\/aguasurbanas.ei.udelar.edu.uy\/wp-content\/uploads\/2016\/09\/ca\u00f1adas-urbanasportada-1024x365.jpg 1024w, https:\/\/aguasurbanas.ei.udelar.edu.uy\/wp-content\/uploads\/2016\/09\/ca\u00f1adas-urbanasportada-300x107.jpg 300w, https:\/\/aguasurbanas.ei.udelar.edu.uy\/wp-content\/uploads\/2016\/09\/ca\u00f1adas-urbanasportada.jpg 1740w\" sizes=\"auto, (max-width: 1024px) 100vw, 1024px\" \/><\/a><\/p>\n<p><strong>PROYECTO DE EVALUACI\u00d3N DE CA\u00d1ADAS URBANAS<\/strong><\/p>\n<p><strong>A partir del seguimiento de cursos urbanos en\u00a0cinco ciudades del pa\u00eds el N\u00facleo Interdisciplinario propone; aportar a las metodolog\u00edas de evaluaci\u00f3n de las ca\u00f1adas urbanas, de manera tal que se\u00a0permita su r\u00e9plica en otras ciudades, conocer el estado de los cursos de agua urbanos\u00a0e\u00a0incorporar informaci\u00f3n actualizada y disponible a la poblaci\u00f3n de forma de concientizar sobre la problem\u00e1tica de estos sistemas acu\u00e1ticos.<\/strong><\/p>\n<p><strong><br \/>\n\u00bfPor qu\u00e9?<\/strong><\/p>\n<p>Numerosos trabajos han demostrado el impacto a nivel f\u00edsico, qu\u00edmico y\/o biol\u00f3gico, que ejercen el modelo tradicional de urbanizaci\u00f3n y de gesti\u00f3n del suelo agr\u00edcola sobre los sistemas acu\u00e1ticos. Tanto el arrastre desde tierras agr\u00edcolas como las descargas de aguas de desecho de origen domestico e industrial constituyen fuentes de contaminaci\u00f3n.<\/p>\n<p>Los cursos de agua reciben descargas puntuales y no puntuales de contaminantes como nutrientes (principalmente f\u00f3sforo, amonio y nitratos), metales pesados y productos fitosanitarios (insecticidas, herbicidas y fungicidas) y coliformes fecales.<\/p>\n<p>En el caso de los sistemas fluviales urbanos, la expansi\u00f3n y densificaci\u00f3n de las ciudades, producen transformaciones derivadas entre otros aspectos, del aumento en la cobertura de superficie impermeable dentro de las cuencas urbanas, lo que altera la hidrolog\u00eda y geomorfolog\u00eda as\u00ed como la calidad de agua y la fauna del sistema. Estos cambios en los sistemas acu\u00e1ticos as\u00ed como del espacio circundante producen evidentes p\u00e9rdidas en los servicios ecosist\u00e9micos, como ser amortiguaci\u00f3n de las inundaciones, servicios de esparcimientos y actividades recreativas, entre otros.<\/p>\n<p>En muchos casos los cursos de agua urbanos se convierten en colectores a cielo abierto, con arrastre de residuos s\u00f3lidos y generando inundaciones<\/p>\n<p>Para resolver este problema, durante muchos a\u00f1os la planificaci\u00f3n promov\u00eda el manejo de las aguas urbanas sac\u00e1ndolas lo m\u00e1s r\u00e1pido posible de la ciudad canaliz\u00e1ndolas u ocult\u00e1ndolas (paradigma higienista). Este enfoque, que permanece hasta el presente, adopta como <em>soluci\u00f3n<\/em>\u00a0el entubamiento de los cursos, pretendiendo <em>hacer desaparecer<\/em>\u00a0el problema. Sin embargo, lejos de resolverlo, se generan nuevos (inundaciones, arrastres de sedimentos etc) , en particular en momentos de eventos de precipitaci\u00f3n extremos. Los cursos urbanos que a\u00fan permanecen a cielo abierto, se presentan como punto de conflicto actual o futuro pero al mismo tiempo se constituyen en piezas con una alta potencialidad para un desarrollo urbano sostenible.<\/p>\n<p>En las \u00faltimas d\u00e9cadas las aguas reaparecen en la superficie y adquieren protagonismo. Las nuevas concepciones tienden a ser integrales, a revalorizar la naturaleza en general y el agua en particular como recurso, tanto desde una mirada ecosist\u00e9mica como social. El ciclo hidrol\u00f3gico se recompone y comienzan a indagarse soluciones que involucran m\u00e1s de un subsistema del mismo.<br \/>\nEn particular adquiere relevancia el manejo de los cursos de aguas urbanos y las aguas pluviales.<\/p>\n<p><strong><br \/>\nObjetivos del proyecto\u00a0<\/strong><\/p>\n<p>El trabajo del N\u00facleo interdisciplinario Agua y Ciudad tiene los siguientes objetivos:<\/p>\n<p>1.Dar elementos para mejorar las <strong>metodolog\u00edas de evaluaci\u00f3n<\/strong> de las ca\u00f1adas urbanas, que permitan su r\u00e9plica en otras ciudades. En particular:<\/p>\n<p>&#8211; Dar elementos pr\u00e1cticos para realizar el monitoreo de los cursos de aguas urbanos<br \/>\n&#8211; Dise\u00f1ar metodolog\u00edas para la identificaci\u00f3n de las principales causas de los problemas ambientales y para la elaboraci\u00f3n de propuestas para revertir las situaciones de conflicto<\/p>\n<p>2.Conocer el <strong>estado de los cursos de agua urbanos<\/strong> en ciudades del Uruguay, en particular en cinco casos y realizar estudios comparativos<\/p>\n<p>3.Incorporar a la plataforma web del N\u00facleo Agua y Ciudad, <strong>informaci\u00f3n actualizada y disponible a la poblaci\u00f3n<\/strong> de forma de concientizar sobre la problem\u00e1tica de estos sistemas acu\u00e1ticos.<\/p>\n<p>4.Mejorar la comprensi\u00f3n del funcionamiento de arroyos urbanos en diferentes contextos ambientales y de gesti\u00f3n, de forma de determinar que variables afectan positivamente la salud ambiental de estos sistemas.<\/p>\n<p><strong><br \/>\n\u00bfQu\u00e9 se realizar\u00e1?<\/strong><\/p>\n<p>Para alcanzar los objetivos generales se propone trabajar en forma paralela en cinco cursos de agua urbanos de cinco ciudades, pudi\u00e9ndose incorporar posteriormente otros:<\/p>\n<p>&#8211; la ca\u00f1ada Salada en Maldonado<br \/>\n&#8211; el arroyo La Curtiembre en Paysand\u00fa<br \/>\n&#8211; el arroyo Ceibal en Salto<br \/>\n&#8211; la ca\u00f1ada Casavalle en Montevideo<br \/>\n&#8211; la ca\u00f1ada Santa Rosa, en Artigas<\/p>\n<p>Estos cursos se caracterizan por tener cuencas peque\u00f1as, con un alto porcentaje de su superficie urbanizada. En estudios anteriores estos cursos de agua fueron modelados por lo que puede utilizarse la informaci\u00f3n colectadas para mejorar el conocimiento de los mismos.\u00a0El estudio ser\u00e1 realizado en forma colaborativa entre las intendencias departamentales y la Udelar a trav\u00e9s de equipos docentes de las sedes universitarias instaladas en dichos departamentos.<\/p>\n<p>Se propone en particular realizar aforos y muestreos mensuales de calidad de agua considerando par\u00e1metros que puedan ser analizados por los diferentes participantes:<br \/>\npH, Ox\u00edgeno Disuelto y Temperatura, Conductividad<br \/>\nS\u00f3lidos Totales en Suspensi\u00f3n Materia Org\u00e1nica en Suspensi\u00f3n<br \/>\nDBO5 y Coliformes fecales (termotolerantes)<br \/>\nNutrientes:<br \/>\nF\u00f3sforo total, f\u00f3sforo total disuelto, fosfato (PO4)<br \/>\nNitr\u00f3geno total, nitr\u00f3gento total disuelto, nitrato (NO3), amonio (NH4) y nitritos (NO2)<\/p>\n<p>Los muestreos, se realizar\u00e1n preferentemente en ocasiones con diferentes caudales. Se realizar\u00e1n asimismo estimaciones de carga (transporte) de contaminantes. Y se aplicar\u00e1n protocolos visuales (en desarrollo) con frecuencia estacional.<\/p>\n<p>A partir de un sistema de informaci\u00f3n geogr\u00e1fica para cada cuenca se espacializar\u00e1 informaci\u00f3n relevante para comprender las caracter\u00edsticas de los cursos y sus diferentes tramos (caracter\u00edsticas de la urbanizaci\u00f3n, ocupaci\u00f3n de las planicies, sistema de drenajes pluviales entre otros). Los productos obtenidos ser\u00e1n puestos a disposici\u00f3n del p\u00fablico en general en la p\u00e1gina web del N\u00facleo.<\/p>\n<p><span style=\"color: #008080;\"><strong><a style=\"color: #008080;\" href=\"http:\/\/www.aguasurbanas.ei.udelar.edu.uy\/?p=3336\" target=\"_blank\" rel=\"noopener noreferrer\">&gt; Acceder al Proyecto de Evaluaci\u00f3n de Ca\u00f1adas Urbanas<\/a><\/strong><\/span><\/p>\n","protected":false},"excerpt":{"rendered":"<p>PROYECTO DE EVALUACI\u00d3N DE CA\u00d1ADAS URBANAS A partir del seguimiento de cursos urbanos en\u00a0cinco ciudades del pa\u00eds el N\u00facleo Interdisciplinario propone; aportar a las metodolog\u00edas de evaluaci\u00f3n de las ca\u00f1adas urbanas, de manera tal que se\u00a0permita su r\u00e9plica en otras ciudades, conocer el estado de los cursos de agua urbanos\u00a0e\u00a0incorporar informaci\u00f3n actualizada y disponible a [&hellip;]<\/p>\n","protected":false},"author":1,"featured_media":-1,"parent":0,"menu_order":0,"comment_status":"closed","ping_status":"closed","template":"","meta":{"_exactmetrics_skip_tracking":false,"_exactmetrics_sitenote_active":false,"_exactmetrics_sitenote_note":"","_exactmetrics_sitenote_category":0,"footnotes":""},"class_list":["post-2995","page","type-page","status-publish","has-post-thumbnail","czr-hentry"],"_links":{"self":[{"href":"https:\/\/aguasurbanas.ei.udelar.edu.uy\/index.php\/wp-json\/wp\/v2\/pages\/2995","targetHints":{"allow":["GET"]}}],"collection":[{"href":"https:\/\/aguasurbanas.ei.udelar.edu.uy\/index.php\/wp-json\/wp\/v2\/pages"}],"about":[{"href":"https:\/\/aguasurbanas.ei.udelar.edu.uy\/index.php\/wp-json\/wp\/v2\/types\/page"}],"author":[{"embeddable":true,"href":"https:\/\/aguasurbanas.ei.udelar.edu.uy\/index.php\/wp-json\/wp\/v2\/users\/1"}],"replies":[{"embeddable":true,"href":"https:\/\/aguasurbanas.ei.udelar.edu.uy\/index.php\/wp-json\/wp\/v2\/comments?post=2995"}],"version-history":[{"count":22,"href":"https:\/\/aguasurbanas.ei.udelar.edu.uy\/index.php\/wp-json\/wp\/v2\/pages\/2995\/revisions"}],"predecessor-version":[{"id":4913,"href":"https:\/\/aguasurbanas.ei.udelar.edu.uy\/index.php\/wp-json\/wp\/v2\/pages\/2995\/revisions\/4913"}],"wp:featuredmedia":[{"embeddable":true,"href":"https:\/\/aguasurbanas.ei.udelar.edu.uy\/index.php\/wp-json\/"}],"wp:attachment":[{"href":"https:\/\/aguasurbanas.ei.udelar.edu.uy\/index.php\/wp-json\/wp\/v2\/media?parent=2995"}],"curies":[{"name":"wp","href":"https:\/\/api.w.org\/{rel}","templated":true}]}}